
Let a(q) = 2*q**2 + 3*q - 2. Let y = 33 - 29. Suppose y = -0*x + 2*x. Give a(x).
12
Let j(b) = b**2 + 17*b + 2. Let u(x) = x**2 + 15*x + 1. Let w(z) = 4*j(z) - 5*u(z). Calculate w(-7).
3
Let d(z) = z. Let p(b) = 3*b - 1. Let a(i) = 4*d(i) - 2*p(i). Let g be a(0). Suppose f - g*f - 6 = 0. Let q(m) = m**2 + 5*m - 5. Determine q(f).
1
Let r be 1820/(-224) + 4/32. Let x(m) = -m**2 - 6*m - 2. What is x(r)?
-18
Let p(s) = -s - 17. Let t = 4 - 13. Give p(t).
-8
Suppose 7*n = -2*n + 90. Let w be ((-16)/10 + 0)*n/(-4). Let k(g) = -g**2 + 5*g - 6. What is k(w)?
-2
Let n(m) = -4*m + 1 + 2*m**2 + 2*m - 3*m**2. Suppose 0*w + 8 = -4*w. Give n(w).
1
Suppose -3*z = -0*v + 4*v - 32, -3*v - 2*z + 23 = 0. Suppose -2*g - 40 = v*i, 4*i + 7*g = 6*g - 29. Let l(u) = -u**2 - 4*u - 4. Calculate l(i).
-16
Let a(s) = -26*s - 8. Let m(q) = -9*q - 3. Let d(h) = 5*a(h) - 14*m(h). What is d(3)?
-10
Let b(a) = -5*a**2 + 7*a + 17. Let q(d) = -3*d**2 + 5*d + 11. Let x(z) = -5*b(z) + 8*q(z). Let f(r) = -8*r - 1. Let s be f(13). Let w = s + 102. Calculate x(w).
-3
Let z(f) = -f**3 - 3*f**2 - 2 + 7 - 5*f + 2*f**3. Suppose 2*w = 3*t + 20, 24 = 9*w - 6*w - 3*t. Give z(w).
1
Let l(j) = j - 1. Let i = -73 + 75. Determine l(i).
1
Let a(j) = 12*j**2. Suppose 154 = 3*o - 3*t + 37, -5*o = 2*t - 223. Let l = o + -42. Give a(l).
12
Let w(q) = q**3 - 5*q**2 + 6*q - 5. Suppose 3*b + 6 = 0, -6*b = 5*f - b + 25. Let c(v) = 4*v + 16. Let g be c(f). Calculate w(g).
3
Let l(a) = 2*a + 4 - 5*a**2 + 0*a + a. Let v = -21291 + 21294. Determine l(v).
-32
Let x(u) be the second derivative of u**5/60 - u**4/4 + 5*u**3/6 + 7*u**2 - 5*u. Let t(y) be the first derivative of x(y). What is t(5)?
0
Let a(d) be the first derivative of -d**2/2 - 7*d - 86. Determine a(-6).
-1
Let g(u) = 3*u**2 - 13*u - 4. Let b(d) = -5*d**2 + 17*d + 4. Let r(t) = 2*b(t) + 3*g(t). Give r(-5).
-4
Let s = 305 + -294. Let c(f) = -f**2 + 9*f + 7. Calculate c(s).
-15
Let f(w) = -2*w - 2. Let s = 236 + -244. What is f(s)?
14
Let j(x) = -x**2 + 3*x + 12. Suppose 2 + 23 = 5*h. Let l be j(h). Let n(b) = 37*b**2 + 0*b**3 - l*b**3 + b**3 + 1 - 31*b**2 - 5*b. What is n(5)?
1
Let d(f) = -f + 26. Let p be d(-6). Let i(z) = 4*z**2 - p*z - 33*z + 70*z - 3 - z**3. What is i(5)?
-3
Let d(y) = 2*y**3 + 5*y**2 + y. Let c(k) be the second derivative of -k**5/20 - k**4/3 + 4*k. Let x(t) = -3*c(t) - 2*d(t). What is x(2)?
-4
Suppose -3*l - 2*l - 30 = 0. Suppose 5*r = 17 - 7. Let z(c) = -8 + r + 3 - c + 2. Determine z(l).
5
Suppose 5*z - 8 = i, -2*i = -2*z + 8 - 0. Let n = -1 - i. Let l(h) = 3*h - 2*h + h - n. Give l(4).
6
Let u(r) = -4 - 43*r - 41*r + 6*r**2 + 0*r**3 + r**3 + 89*r. Let p = -10 - -6. Calculate u(p).
8
Let b(v) = v - 3. Let t(r) = 6*r - 14. Let m be (-1)/((-2)/142) - 4. Let k be m/4 - 3/4. Let q(o) = k*b(o) - 3*t(o). Determine q(-5).
4
Let a = 307 + -312. Let h(o) = o**2 + 4*o - 1. Determine h(a).
4
Let x(v) be the first derivative of v**4/24 - 2*v**3 - 21*v**2/2 - 58. Let s(c) be the second derivative of x(c). Give s(0).
-12
Let c be ((-24)/(-18) + -1)/((-1)/3). Let t = 6 + c. Let z(s) = -2*s - 4. Calculate z(t).
-14
Let d = -1050 + 1047. Let y(j) = 3*j + 2. Determine y(d).
-7
Let x be (-54)/63*(-21)/6. Let m(j) be the first derivative of -1/3*j**3 + 3*j + x + 1/4*j**4 + 1/2*j**2. Calculate m(0).
3
Let k(r) be the second derivative of -r - 3*r**2 + 1 - 1/3*r**3. Give k(0).
-6
Let f be (-126)/(-42)*((-6)/9 - -1). Let o(p) = 6*p**3 - 3*p**2 + 3*p - 1. Give o(f).
5
Let n(o) = o**2 - o - 1. Suppose 0 = -3*t + 11 - 14. Let y be (-1)/t*(1 + -2 + 1). Calculate n(y).
-1
Let k(r) = -6*r**2 - r - 2. Let z = -2753 - -2751. What is k(z)?
-24
Let q(u) = -2*u + 22 - 12 - 16. What is q(10)?
-26
Let c(p) be the third derivative of -p**6/120 + p**5/60 + p**4/24 + 2*p**3/3 + 14*p**2 + 2. Let w = -2 + 2. Calculate c(w).
4
Suppose 5*u - 10 + 0 = 0. Suppose 0 = u*m - 2*x - 24, 7*m + x = 4*m + 24. Let a(b) = -b + 9. Determine a(m).
0
Let b(k) = -k - 5. Let t = -80 - -15. Let h = t - -60. Determine b(h).
0
Let t = -22 + 35. Let q = t - 12. Let n(b) = -3*b - 2*b + 0 + q + 4*b. What is n(-4)?
5
Let k(j) = -7*j + 3*j + 5*j. Let g(o) = -3 - 1 - 11*o - o**2 - 2 - 5. Let w be g(-10). Determine k(w).
-1
Let d be 2*(-4 + 3)*-2. Let y(c) = -6*c - d*c - 3 + 9*c. Let x(f) = 1. Let o(z) = 3*x(z) + y(z). Give o(4).
-4
Let t be (15/10)/((-6)/(-4)). Suppose 0 = -h - t + 3. Let m(l) = -l - 3*l + 1 + h*l + 5. What is m(5)?
-4
Let a(d) = -6*d**2 - 11*d + 10. Let b(p) = -14*p**2 - 23*p + 20. Let n(l) = 5*a(l) - 2*b(l). Let q be n(-5). Let x(h) = h - 2. Determine x(q).
3
Let q(z) = 2*z**3 + 4*z - 3. Let x(v) = 3*v**2 + 35*v + 90. Let w be x(-8). Give q(w).
21
Let c = 33 + -31. Suppose 8 + 14 = -4*n + b, 0 = -b + c. Let s(k) = 0*k + 3 + 2*k + k. Calculate s(n).
-12
Let n be -2 + -3 + (-2)/(-2) + 2. Let b(o) = 16*o**3 + 9*o**2 - o - 10. Let t(r) = -3*r**3 - 2*r**2 + 2. Let k(c) = -2*b(c) - 11*t(c). Calculate k(n).
2
Let z(b) = -3*b + 29. Let f be z(9). Let x(p) = 3*p**3 - 3*p**2 + 3*p - 3. Calculate x(f).
15
Let u(o) = -4*o - 9. Suppose -16 = -r + m, -3*r + 25 = -m - 15. Suppose -r = 9*x - 7*x. Determine u(x).
15
Let x be 2/4 + 18/(-12). Let b(y) = -y. Let d(z) = -6*z. Let t(p) = x*d(p) + 5*b(p). Determine t(6).
6
Let u = 383 - 376. Let x(a) = -4*a + 7. Give x(u).
-21
Let o = 4 + 3. Suppose -m = -o + 9. Let c(u) = 4 - 3 + 1 + u. Calculate c(m).
0
Let j(z) = -4*z**2 - 5*z + 2. Let g(i) = 21*i**2 + 28*i - 11. Let c(k) = 4*g(k) + 22*j(k). Give c(3).
-30
Let y(x) = x + 11. Let p be y(-24). Let c(v) = v + 21. Give c(p).
8
Let o(y) be the first derivative of -3*y**2/2 + 18*y + 122. Give o(9).
-9
Let w(x) = -10*x - 40. Let u be w(-5). Let l be 1/(5/u) - -2. Let r(q) = -2*q + q**2 + 2*q**2 - 1 - 2*q**2. What is r(l)?
7
Let a(o) = o**3 - 5*o**2 + 4*o - 1. Let u(w) = w**2 + 7*w - 5. Suppose 7*y = 11*y + 32. Let d be u(y). What is a(d)?
-7
Let c(n) = 3*n**2 + 1 + 6*n**2 + 6*n**2 - 2*n. Let t be c(1). Suppose 4*s - 2*s + t = 0. Let b(v) = -v**3 - 8*v**2 - 6*v + 5. Give b(s).
-2
Let g(b) = -b - 1. Let o be g(-6). Suppose -f = -o*f. Let d(t) = -t**2 - t + 3. What is d(f)?
3
Let h(s) = 4*s**2 - 4*s + 3. Let b(r) = 3*r**2 - 4*r + 2. Let o be 2 + (-8)/3 - (-40)/6. Let u(l) = o*b(l) - 5*h(l). Suppose -12 = c + 3*c. What is u(c)?
-9
Let k(m) = -2*m + 4. Let z = -36 + 25. Let h = -5 - z. What is k(h)?
-8
Suppose -6 = -3*r - 3. Suppose 0 = 3*i + r + 2. Let a(l) = -4*l**3 + 1. Let q be a(i). Let z(m) = -m + 10. Calculate z(q).
5
Let i = 66 - 63. Suppose 8 = -3*k + 2*d, 3*k - i*d = 2*k - 5. Let g(r) = 4*r - 2. Determine g(k).
-10
Let i(o) = -o**3 - 17*o**2 - 15. Let p = 418 + -435. What is i(p)?
-15
Let b(k) = -3*k - 19. Let r(v) = -v**3 + 14*v**2 + v - 22. Let h be r(14). What is b(h)?
5
Let o(w) = -6*w - 1. Suppose 0 = 3*h - 19 - 14. Suppose -h*z - 1 = -12*z. Determine o(z).
-7
Let r(t) = t + 9. Let j(s) = -4*s + 10. Let p be j(4). What is r(p)?
3
Let x(m) = 9*m**3 - 2*m**2 + m. Let s = -6 - -11. Let c(n) = -n**2 + 7*n - 4. Let j be c(s). Suppose 20 = 5*d + 3*i, -4*d + 4*i - 22 = -j*d. Determine x(d).
8
Let t(y) = y**2 + 9*y + 11. Suppose -3*u - 29 = -5. Let d be t(u). Let m(o) = o + 4. Give m(d).
7
Let g(u) = -u**3 - u**2 + u - 4. Suppose -n - i = -4*i - 8, 3*i + 13 = 2*n. Suppose 5*y + 13 = x - 0*x, -n*y - 15 = 0. Let q be 0*x/12*-3. Determine g(q).
-4
Suppose -5*u - 4 = z, 2*u - 7*u - 5 = 0. Let w(l) = -1 - z - 4*l + 10*l - 3*l. Suppose g - 2 = j, -g = j + 2*g + 2. Determine w(j).
-8
Let p(z) = -z**2 - 9*z + 3. Suppose 5*y + 675 = -4*y. Let d = y + 66. Give p(d).
3
Let c(y) be the second derivative of y**4/12 + y**3 + y**2 - 87*y. Calculate c(-5).
-3
Suppose 3*q - 4*x = 16 - 21, -4 = 2*q - 3*x. Let s(i) = 24*i + 1. What is s(q)?
25
Let y = 187 + -127. Let v be 7*(-3 - y/(-28)). Let q(t) = t**3 + 5*t**2 - 9*t - 7. Determine q(v).
11
Let p(x) = x. Let d(k) = -k - 6. Let g be d(-6). Let o be 1*12/(-6) - -18. Suppose 3*h + h - o = g. Determine p(h).
4
Let t(i) = 3*i**2 - i - 1. Let q = -908 + 912. Give t(q).
43
Let t be (-428)/16 + 4/(-16). Let u be t/(-18)*(-16)/6. Let h(j) = j**3 + 4*j**2 + j + 4. Determine h(u).
0
Let a(v) = 6*v**2 + 5*v + 4. Let r(n) = 7*n**2 + 5*n + 4. Let l(f) = -5*a(f) + 4*r(f). Let x(c) = -c**3 + c**2 + 4*c - 4. Let s be x(0). Calculate l(s).
-16
Let l be (-40)/(-18) + 6/(